{"id":51,"date":"2024-04-26T04:48:02","date_gmt":"2024-04-26T04:48:02","guid":{"rendered":"https:\/\/ogp.com.pl\/?page_id=51"},"modified":"2024-04-29T13:04:18","modified_gmt":"2024-04-29T13:04:18","slug":"o-nas","status":"publish","type":"page","link":"https:\/\/ogp.com.pl\/?page_id=51","title":{"rendered":"O nas"},"content":{"rendered":"<p style=\"text-align: center;\">Og\u00f3lnopolska Grupa Prawna jest podmiotem, kt\u00f3rego za\u0142o\u017ceniem jest nieustanne kszta\u0142towanie oferowanych us\u0142ug do potrzeb dynamicznie zmieniaj\u0105cego si\u0119 rynku us\u0142ug prawnych oraz do indywidualnych potrzeb klienta.<\/p>\n<p style=\"text-align: center;\">Wsp\u00f3\u0142praca z kilkunastoma prawnikami z terenu ca\u0142ego kraju o r\u00f3\u017cnych specjalizacjach i obszarach zainteresowa\u0144, pozwala nam zaproponowa\u0107 naszym kontrahentom produkt precyzyjnie dopasowany do ich potrzeb.<\/p>\n","protected":false},"excerpt":{"rendered":"<p>Og\u00f3lnopolska Grupa Prawna jest podmiotem, kt\u00f3rego za\u0142o\u017ceniem jest nieustanne kszta\u0142towanie oferowanych us\u0142ug do potrzeb dynamicznie zmieniaj\u0105cego si\u0119 rynku us\u0142ug prawnych oraz do indywidualnych potrzeb klienta. Wsp\u00f3\u0142praca z kilkunastoma prawnikami z terenu ca\u0142ego kraju o r\u00f3\u017cnych specjalizacjach i obszarach zainteresowa\u0144, pozwala nam zaproponowa\u0107 naszym kontrahentom produkt precyzyjnie dopasowany do ich potrzeb.<\/p>\n","protected":false},"author":1,"featured_media":0,"parent":0,"menu_order":0,"comment_status":"closed","ping_status":"closed","template":"","meta":{"footnotes":""},"_links":{"self":[{"href":"https:\/\/ogp.com.pl\/index.php?rest_route=\/wp\/v2\/pages\/51"}],"collection":[{"href":"https:\/\/ogp.com.pl\/index.php?rest_route=\/wp\/v2\/pages"}],"about":[{"href":"https:\/\/ogp.com.pl\/index.php?rest_route=\/wp\/v2\/types\/page"}],"author":[{"embeddable":true,"href":"https:\/\/ogp.com.pl\/index.php?rest_route=\/wp\/v2\/users\/1"}],"replies":[{"embeddable":true,"href":"https:\/\/ogp.com.pl\/index.php?rest_route=%2Fwp%2Fv2%2Fcomments&post=51"}],"version-history":[{"count":3,"href":"https:\/\/ogp.com.pl\/index.php?rest_route=\/wp\/v2\/pages\/51\/revisions"}],"predecessor-version":[{"id":87,"href":"https:\/\/ogp.com.pl\/index.php?rest_route=\/wp\/v2\/pages\/51\/revisions\/87"}],"wp:attachment":[{"href":"https:\/\/ogp.com.pl\/index.php?rest_route=%2Fwp%2Fv2%2Fmedia&parent=51"}],"curies":[{"name":"wp","href":"https:\/\/api.w.org\/{rel}","templated":true}]}}